{"id":652,"date":"2020-07-18T20:06:04","date_gmt":"2020-07-18T18:06:04","guid":{"rendered":"https:\/\/www.dirriwachter.com\/wordpress\/?page_id=652"},"modified":"2021-06-21T11:10:24","modified_gmt":"2021-06-21T09:10:24","slug":"tohan-beneeton","status":"publish","type":"page","link":"https:\/\/www.dirriwachter.com\/wordpress\/tohan-beneeton\/","title":{"rendered":"Toh\u00e0n Ben\u00e9\u00e9t\u00f2n"},"content":{"rendered":"\n<p>De nationale hymne van de West-Afrikaanse republiek B\u00e9nin werd gecomponeerd door H\u00f9ng\u00e1n de Innocent Kagbotemi. Na een gebruikelijke aanhef door de voorzanger volgt het door alle aanwezigen gezongen refrein, rijk aan kwart- en tertsintervallen, waarna zes doorgecomponeerde strofen hiermee steeds alterneren. De pentatone melodie is gebouwd op de kerntonen van de dorische modus. Zoals in de muziektraditie van het land gebruikelijk wordt de melodie polyritmisch begeleid, in dit geval met het <em>agbaja<\/em>-ritme, waarbij de 12\/8 maat wordt ingedeeld in 2-3-2-2-3 eenheden.<\/p>\n\n\n\n<p>In het arrangement voor sopraan, alt, tenor, begeleid door fluit, piano, bass en percussie, heb ik de modale schrijfwijze gehanteerd die ik bij de talloze arrangementen van traditionele liederen van het land steeds hanteer. Dat houdt o.m. in dat  chromatiek wordt vermeden en de samenklanken het resultaat zijn van een primair lineair uitgewerkte schrijfwijze. <\/p>\n","protected":false},"excerpt":{"rendered":"<p>De nationale hymne van de West-Afrikaanse republiek B\u00e9nin werd gecomponeerd door H\u00f9ng\u00e1n de Innocent Kagbotemi. Na een gebruikelijke aanhef door de voorzanger volgt het door alle aanwezigen gezongen refrein, rijk aan kwart- en tertsintervallen, waarna zes doorgecomponeerde strofen hiermee steeds alterneren. De pentatone melodie is gebouwd op de kerntonen van de dorische modus. Zoals in&#8230; <a href=\"https:\/\/www.dirriwachter.com\/wordpress\/tohan-beneeton\/\">Read more: Toh\u00e0n Ben\u00e9\u00e9t\u00f2n<\/a><\/p>\n","protected":false},"author":4,"featured_media":0,"parent":0,"menu_order":0,"comment_status":"closed","ping_status":"closed","template":"","meta":{"footnotes":""},"class_list":["post-652","page","type-page","status-publish","hentry"],"_links":{"self":[{"href":"https:\/\/www.dirriwachter.com\/wordpress\/wp-json\/wp\/v2\/pages\/652","targetHints":{"allow":["GET"]}}],"collection":[{"href":"https:\/\/www.dirriwachter.com\/wordpress\/wp-json\/wp\/v2\/pages"}],"about":[{"href":"https:\/\/www.dirriwachter.com\/wordpress\/wp-json\/wp\/v2\/types\/page"}],"author":[{"embeddable":true,"href":"https:\/\/www.dirriwachter.com\/wordpress\/wp-json\/wp\/v2\/users\/4"}],"replies":[{"embeddable":true,"href":"https:\/\/www.dirriwachter.com\/wordpress\/wp-json\/wp\/v2\/comments?post=652"}],"version-history":[{"count":3,"href":"https:\/\/www.dirriwachter.com\/wordpress\/wp-json\/wp\/v2\/pages\/652\/revisions"}],"predecessor-version":[{"id":690,"href":"https:\/\/www.dirriwachter.com\/wordpress\/wp-json\/wp\/v2\/pages\/652\/revisions\/690"}],"wp:attachment":[{"href":"https:\/\/www.dirriwachter.com\/wordpress\/wp-json\/wp\/v2\/media?parent=652"}],"curies":[{"name":"wp","href":"https:\/\/api.w.org\/{rel}","templated":true}]}}