{"id":37,"date":"2016-05-11T19:05:03","date_gmt":"2016-05-11T19:05:03","guid":{"rendered":"https:\/\/www.dirriwachter.com\/wordpress\/?page_id=37"},"modified":"2020-01-28T22:21:25","modified_gmt":"2020-01-28T21:21:25","slug":"koor-en-orkest","status":"publish","type":"page","link":"https:\/\/www.dirriwachter.com\/wordpress\/koor-en-orkest\/","title":{"rendered":"Koor en orkest"},"content":{"rendered":"<p><b>Psalm 97<br \/>\nPsalm 97<br \/>\nTodesfuge<br \/>\nBlanco<br \/>\nEight European Folksongs<\/b><br \/>\n<b>Chants du B\u00e9nin<\/b><br \/>\n<b><br \/>\n<\/b><\/p>\n<hr \/>\n<p><b>Psalm 97 <\/b>(1961) voor 3-st. mannenkoor en symfonie-orkest (3323 4331 timp perc hp str) op Nederlandse tekst van de Petrus Canisius Vereniging.<br \/>\nEerste uitvoering in juni 1961 door koor en orkest van het Brabants Conservatorium o.l.v. Willem Goedhart.<\/p>\n<p>Niet uitgegeven; koor- en orkestmateriaal: bibliotheek Brabants Conservatorium, Tilburg.<br \/>\nTijdsduur: ca. 9 min.<br \/>\nZie ook <i>toelichting<\/i><\/p>\n<hr \/>\n<p><b>Psalm 97<\/b> (revised1962) voor 3-st. mannenkoor en symfonie-orkest,\u00a0 (2222 2210 timp perc pf str) op Nederlandse tekst van de Petrus Canisius Vereniging.<\/p>\n<p>Niet uitgegeven; koor- en orkestmateriaal: bibliotheek K.N.T.V., Amersfoort.<br \/>\nTijdsduur: ca. 9 min.<br \/>\nZie ook <i>toelichting<\/i><b><br \/>\n<\/b><\/p>\n<hr \/>\n<p><b>Todesfuge<\/b> (1973) voor bassolo, 4-st. gemengd koor en symfonie-orkest (2232 4220 timp 2 perc pf str) op tekst van Paul Celan.<br \/>\nEerste uitvoering op 07-05-1974 in de Stadsschouwburg te Tilburg door Gerard Reker, bas, Toonkunstkoor Tilburg en het Brabants Orkest o.l.v. de componist.<\/p>\n<p>Uitgave: Donemus, Amsterdam 1973<br \/>\nTijdsduur: ca. 15 min.<br \/>\nZie ook <i>toelichting<br \/>\n<\/i><\/p>\n<hr \/>\n<p><b>Blanco<\/b> (2003) voor spreekstem, 4-st. gemengd koor en symfonie-orkest (2222 4231 timp perc 2hp str) op tekst uit het gelijknamige gedicht van Octavio Paz.<br \/>\n1. Piel de la penumbra<br \/>\n2. Fuego<br \/>\n3. Rio de sangre<br \/>\n4. Agua<br \/>\n5. Violencias violetas<br \/>\n6. Tierra<br \/>\n7. Remolinos azules<br \/>\n8. Aire<br \/>\nVoor het koor en het orkest van de Universiteit Hamburg o.l.v. Bruno de Greeve, die er m.m.v. de bas Frederick Martin de eerste uitvoering van gaven in de Musikhalle te Hamburg op 27-06-2004.<\/p>\n<p>Uitgave: Donemus, Den Haag 2016<br \/>\nTijdsduur: ca. 45 min.<br \/>\nZie ook <i>toelichting<br \/>\n<\/i><\/p>\n<hr \/>\n<p><b>Eight European Folksongs<\/b> (2004) voor 1-st. gemengd koor en symfonie-orkest (2222 4231 pf str timp perc str), zowel uitvoerbaar in de oorspronkelijke talen als in een Engelse versie.<br \/>\n1. Dans les jardins d\u2019mon p\u00e8re (Touraine, Frankrijk)<br \/>\n2. Three gipsies (Engeland)<br \/>\n3. Czerwone jab\u0142uszko (Polen)<br \/>\n4. Als ich einmal reiste (Th\u00fcringen, Duitsland)<br \/>\n5. Arra gyere (Hont, Hongarije)<br \/>\n6. Ciccuzza (Napels, Itali\u00eb)<br \/>\n7.\u00a0 Multe lacr\u0103m\u012d (Roemeni\u00eb)<br \/>\n8. Toccadora de pandeiro (Galici\u00eb, Spanje)<br \/>\nGeorkestreerde versie van 6 van de 12 Europese Liederen en Dansen (1980), aangevuld met 2 nieuwe zettingen.<\/p>\n<p>Uitgave: Intrada, Heerenveen 2005.<br \/>\nTijdsduur: ca. 16 min.<br \/>\nZie ook <i>toelichting<\/i><br \/>\n______________________________________________________________________________________<\/p>\n<p><b>Chants du B\u00e9nin<\/b> (2016) voor 4-st. gemengd koor en symfonieorkest (2222 4231 timp 2perc xyl marimba str) in etnische Sudantalen, zowel met als zonder koor uitvoerbaar.<br \/>\n1. Zongbo<br \/>\n2. Geledje n rede<br \/>\n3. Gogbahoun<br \/>\n4. D\u00f5 taaro<br \/>\n5. Hwi me eno<br \/>\n6. Dante<br \/>\n7. Danse<br \/>\n8. I menama<\/p>\n<p>Uitgave: Intrada, Heerenveen 2017<br \/>\nTijdsduur: ca. 23 min<br \/>\nZie ook <i>toelichting<\/i><\/p>\n<p>______________________________________________________________________________________<\/p>\n","protected":false},"excerpt":{"rendered":"<p>Psalm 97 Psalm 97 Todesfuge Blanco Eight European Folksongs Chants du B\u00e9nin Psalm 97 (1961) voor 3-st. mannenkoor en symfonie-orkest (3323 4331 timp perc hp str) op Nederlandse tekst van de Petrus Canisius Vereniging. Eerste uitvoering in juni 1961 door koor en orkest van het Brabants Conservatorium o.l.v. Willem Goedhart. Niet uitgegeven; koor- en orkestmateriaal:&#8230; <a href=\"https:\/\/www.dirriwachter.com\/wordpress\/koor-en-orkest\/\">Read more: Koor en orkest<\/a><\/p>\n","protected":false},"author":4,"featured_media":0,"parent":0,"menu_order":0,"comment_status":"closed","ping_status":"closed","template":"","meta":{"footnotes":""},"class_list":["post-37","page","type-page","status-publish","hentry"],"_links":{"self":[{"href":"https:\/\/www.dirriwachter.com\/wordpress\/wp-json\/wp\/v2\/pages\/37","targetHints":{"allow":["GET"]}}],"collection":[{"href":"https:\/\/www.dirriwachter.com\/wordpress\/wp-json\/wp\/v2\/pages"}],"about":[{"href":"https:\/\/www.dirriwachter.com\/wordpress\/wp-json\/wp\/v2\/types\/page"}],"author":[{"embeddable":true,"href":"https:\/\/www.dirriwachter.com\/wordpress\/wp-json\/wp\/v2\/users\/4"}],"replies":[{"embeddable":true,"href":"https:\/\/www.dirriwachter.com\/wordpress\/wp-json\/wp\/v2\/comments?post=37"}],"version-history":[{"count":7,"href":"https:\/\/www.dirriwachter.com\/wordpress\/wp-json\/wp\/v2\/pages\/37\/revisions"}],"predecessor-version":[{"id":585,"href":"https:\/\/www.dirriwachter.com\/wordpress\/wp-json\/wp\/v2\/pages\/37\/revisions\/585"}],"wp:attachment":[{"href":"https:\/\/www.dirriwachter.com\/wordpress\/wp-json\/wp\/v2\/media?parent=37"}],"curies":[{"name":"wp","href":"https:\/\/api.w.org\/{rel}","templated":true}]}}