{"id":34,"date":"2016-05-11T19:04:35","date_gmt":"2016-05-11T19:04:35","guid":{"rendered":"https:\/\/www.dirriwachter.com\/wordpress\/?page_id=34"},"modified":"2026-04-20T20:56:16","modified_gmt":"2026-04-20T18:56:16","slug":"koor-en-ensemble","status":"publish","type":"page","link":"https:\/\/www.dirriwachter.com\/wordpress\/koor-en-ensemble\/","title":{"rendered":"Koor en ensemble"},"content":{"rendered":"<p><b>12 Europese Liederen en Dansen<br \/>\nDies Irae voor Latijns Amerika<br \/>\nDrie Geestelijke Gezangen<br \/>\nI shall keep singing<br \/>\nDe Sjimpansee doet niet mee<br \/>\nUn wa e loo<br \/>\nLibert\u00e0 va cercando<br \/>\nDe Sjimpansee doet niet mee<\/b><br \/>\n<b>Vier\u00a0Nederlandse Volksliederen<br \/>\n<\/b><strong>Gegenstimme<br \/>\nToh\u00e0n Ben\u00e9\u00e9t\u00f2n<br \/>\nEl doble sue\u00f1o<\/strong><\/p>\n<hr \/>\n<p><b>12 Europese Liederen en Dansen<\/b> (1980) voor eenstemmig gemengd koor en kamerorkest (2bl-s 2fl cl sax-s 2trb acc pf perc 2vl 2vlc). Voor de 1ste jaars schoolmuziekstudenten van het Conservatorium Groningen.<\/p>\n<p>Niet uitgegeven.<br \/>\nTijdsduur: ca. 20 min.<\/p>\n<hr \/>\n<p><b>Dies Irae voor Latijns Amerika<\/b> (1981) voor 8-st. gemengd koor en 2 gitaren op teksten van Miguel Torga (Nederlandse vertaling Bertus Dijk) en een gedeelte van de middeleeuwse sequentia uit de dodenliturgie (latijn).<br \/>\nIn opdracht van het Ministerie van Cultuur, Recreatie en Maatschappelijk werk voor het 4 Mei-Projekt te Groningen.<br \/>\nEerste uitvoering door het koor van het 4 Mei-Projekt m.m.v. Willem en Joke van Lier, gitaar, o.l.v. Jan Lameris in de grote zaal van de Oosterpoort te Groningen op 04-05-1981.<\/p>\n<p>Uitgave: Donemus, Amsterdam 1986.<br \/>\nEen LP-opname, uitgebracht onder de titel Stedelijk Conservatorium Groningen 15 jaar (1983), bevat een uitvoering door het Conservatoriumkoor m.m.v. Willem van Lier en Michiel de Vries, gitaar, o.l.v. Cees Rotteveel.<br \/>\nTijdsduur: ca. 6 min.<br \/>\nZie ook <i>toelichting<br \/>\n<\/i><\/p>\n<hr \/>\n<p><b>Drie geestelijke gezangen<\/b> (1983) voor sopraan-solo, vrouwenkoor, hobo, hoorn, altviool, contrabas en orgel op Nederlandse teksten van Harrie Beex en Muus Jacobse.<br \/>\nHerinstrumentatie van het gelijknamig werk uit 1966 voor een uitvoering door het Gronings Vrouwenkoor en een ad hoc ensemble o.l.v. Lies Broekema op 21-12-1983 in de Martinikerk te Groningen.<\/p>\n<p>Niet uitgegeven.<br \/>\nTijdsduur: ca. 14 min.<br \/>\nZie ook <i>toelichting<br \/>\n<\/i><\/p>\n<hr \/>\n<p><b>I shall keep singing<\/b> (1989), eight poems by Emily Dickinson for mixed chorus (s ms a t bar b) and four instruments (fl cl tr trb).<\/p>\n<p>1.\u00a0 I shall keep singing<br \/>\n2.\u00a0 A slash of blue<br \/>\n3.\u00a0 A still \u2013 Volcano \u2013 Life<br \/>\n4.\u00a0 Wild Nights<br \/>\n5.\u00a0 One Joy of so much anguish<br \/>\n6.\u00a0 Like Eyes that looked on Wastes<br \/>\n7.\u00a0 Peace is a fiction of our Faith<br \/>\n8.\u00a0 Blazing in Gold<\/p>\n<p>In opdracht van het Fonds voor de Scheppende Toonkunst voor Bruno de Greeve en het kamerkoor van het Gronings Conservatorium.<br \/>\nEerste uitvoering op 26-11-1988 in de grote zaal van de Oosterpoort te Groningen door genoemd kamerkoor m.m.v. Nicoline Fennema, fluit, Ivar R\u00f6mer, klarinet, Ido-Jan Stalman, trompet\u00a0 en Jan Oosting, trombone o.l.v. Bruno de Greeve.<br \/>\nVan deze eerste uitvoering verscheen een CD-opname onder het Label RMU8898.<\/p>\n<p>Uitgave: Donemus, Amsterdam 1996.<br \/>\nTijdsduur 22 min.<br \/>\nZie ook <i>toelichting<br \/>\n<\/i><\/p>\n<hr \/>\n<p><b>De Sjimpansee doet niet mee<\/b> (2000), vier canons voor 3-st. gemengd koor en bamboefluitkwartet (of blokfluitkwartet) op gedichten van Paul van Ostaijen.<\/p>\n<p>1.\u00a0\u00a0 \u00a0Melopee<br \/>\n2.\u00a0\u00a0 \u00a0Oude Bekenden<br \/>\n3.\u00a0\u00a0 \u00a0Herfstlandschap<br \/>\n4.\u00a0\u00a0 \u00a0Zeer kleine Speeldoos<\/p>\n<p>In opdracht van het Nederlandse Pijpersgilde t.g.v. de Internationale Zomercursus die van 27-07 tot 05-08-2001 in Mechelen werd gehouden.<\/p>\n<p>Uitgave: Ascolta, Houten 2000.<br \/>\nTijdsduur: ca. 13 min.<br \/>\nZie ook <i>toelichting<\/i><\/p>\n<hr \/>\n<p><b>Un wa e loo<\/b> (2001), cyclus van 9 traditionele liederen met teksten in de Soedantaal uit Benin (West-Afrika) en 3 instrumentale stukken voor 4-st. gmengd koor, klarinet, fagot, viool, altviool, cello, piano en 2 slagwerkers.<br \/>\nEerste uitvoering door Capella \u201992 m.m.v. een ad hoc ensemble o.l.v. Gerben van der Veen op 25-10-2003 in de Harmonie te Leeuwarden.<\/p>\n<p>Uitgave: Intrada, Heerenveen 2002.<br \/>\nTijdsduur: ca. 30 min.<br \/>\nZie ook <i>toelichting<br \/>\n<\/i><\/p>\n<div align=\"center\"><\/div>\n<hr \/>\n<p><b>Libert\u00e0 va cercando<\/b> (2007), 12 canons voor spreker, gemengd koor (2 of 3 vrouwenstemmen, 1 mannenstem) en blaassextet (fl ob kl fg tr trb) of orgel op versregels uit &#8216;La Commedia&#8217; van Dante Alighieri gegroepeerd tot een kleine cantate.<\/p>\n<p>1.\u00a0\u00a0 \u00a0O anima cortese mantoana<br \/>\n2.\u00a0\u00a0 \u00a0Ma quelle donne aiutino il mio verso<br \/>\n3.\u00a0\u00a0 \u00a0Lasciate ogne speranza<br \/>\n4.\u00a0\u00a0 \u00a0Pi\u00f9 non si va<br \/>\n5.\u00a0\u00a0 \u00a0Or ti piaccia grader la sua venuta<br \/>\n6.\u00a0\u00a0 \u00a0O dolce lume<br \/>\n7.\u00a0\u00a0 \u00a0L\u2019amor del bene<br \/>\n8.\u00a0\u00a0 \u00a0lo sol sen va<br \/>\n9.\u00a0\u00a0\u00a0 O buono Appollo<br \/>\n10.\u00a0 Risponde a me<br \/>\n11.\u00a0 Io veggio ben che gi\u00e0 mai non si sazia<br \/>\n12.\u00a0 La gloria di colui che tutto move<\/p>\n<p>Eerste uitvoering op 13-11-2010 in de Damkerk te Hoogezand door het Kielzog Vrouwenkoor, tenoren\/bassen van het Kielzog Boys Choir m.m.v. een ad hoc blaassextet o.l.v. Wim van de Laar.<\/p>\n<p>Uitgave: Donemus, Rijswijk 2023<br \/>\nTijdsduur incl. verbindende tekst: ca. 40 min.<br \/>\nZie ook <i>toelichting<\/i><\/p>\n<hr \/>\n<p><b>De Sjimpansee doet niet mee<\/b> (2009), vier canons voor 2 tot 4 vrouwenstemmen, 1 mannenstem en blaassextet (fl ob cl fg tr trb) op gedichten van Paul van Ostaijen.<\/p>\n<p>1.\u00a0\u00a0Melopee<br \/>\n2.\u00a0\u00a0Oude bekenden<br \/>\n3.\u00a0\u00a0Herfstlandschap<br \/>\n4.\u00a0\u00a0Zeer kleine speeldoos<\/p>\n<p>Gereviseerde versie van de oorspronkelijke\u00a0partituur uit 1999.<\/p>\n<p>Uitgave: Donemus, Rijswijk 2021<br \/>\nTijdsduur: ca. 13 min.<br \/>\nZie ook <i>toelichting<br \/>\n<\/i><br \/>\n____________________________________________________________________________________________<br \/>\n<b><br \/>\nVier Nederlandse Volksliederen <\/b>(2010) voor 4-st. gemengd koor, viool, cello en piano.<\/p>\n<p>1.\u00a0 Het waren twee koningskinderen<br \/>\n2.\u00a0 Die eerste vreugd<br \/>\n3.\u00a0 Een meisje dat van Scheveningen kwam<br \/>\n4.\u00a0 Sa boer ga naar de dans<\/p>\n<p>Herinstrumentatie van de oorspronkelijke versie uit 1965.<br \/>\nEerste uitvoering door het operakoor Amadeus en het trio Concordante o.l.v. Tjalling Wijnstra tijdens een benefietconcert te Leeuwarden op 10-12-2010.<\/p>\n<p>Niet uitgegeven.<br \/>\nTijdsduur: ca. 7 min.<\/p>\n<p>____________________________________________________________________________________________<\/p>\n<p><strong>Gegenstimme <\/strong>(2018), nach Gedichten aus <em>Gegenlicht<\/em> von Paul Celan f\u00fcr gemischter Chor, Saxofonquartet und Schlagzeug<br \/>\nGecomponeerd in opdracht van de Utrechtse Studenten Cantorij o.l.v. Fokko Oldenhuis<\/p>\n<p>1.\u00a0 Umsonst malst du Herzen<br \/>\n2.\u00a0 Wer wie du<br \/>\n3.\u00a0 Kristall<br \/>\n4.\u00a0 Totenhemd<br \/>\n5.\u00a0 Ich bin allein<br \/>\n6.\u00a0 Die Kr\u00fcge<br \/>\n7.\u00a0 Nachts<br \/>\n8.\u00a0 Die feste Burg<br \/>\n9.\u00a0 So bist du denn geworden<\/p>\n<p>Eerste uitvoering door de Utrechtse Studenten Cantorij o.l.v. Fokko Oldenhuis i.s.m. het AXES Saxofoonkwartet o.l.v. Ties Mellema en Tatiana Koleva, slagwerk in de Nicola\u00efkerk te Utrecht op 30-03-2019<\/p>\n<p>Uitgave: Donemus, Rijswijk 2020<br \/>\nTijdsduur: ca. 30 min.<br \/>\nZie ook <em>toelichting<\/em><\/p>\n<p>____________________________________________________________________________________________<\/p>\n<p><strong>Toh\u00e0n Ben\u00e9\u00e9ton <\/strong>(2020) voor SAT fluit, piano, contrabas, percussie.<\/p>\n<p>Niet uitgegeven<br \/>\nTijdsduur:<br \/>\nzie ook <em>toelichting<\/em><\/p>\n<p>_____________________________________________________________________________________________<\/p>\n<p><strong>El doble sue\u00f1o\u00a0<\/strong>(2026) voor gemengd koor en strijkkwartet op gedichten van Jorge Luis Borges.<br \/>\nGecomponeerd voor de Utrechtse Studenten Cantorij o.l.v. Fokko Oldenhuis<\/p>\n<p>I\u00a0 \u00a0 Miguel de Cervantes<br \/>\nII\u00a0 \u00a0Sue\u00f1a Alfonso Quijano<br \/>\nIII\u00a0 Un soldado de Urbina<br \/>\nIV\u00a0 El testigo<\/p>\n<p>Eerste uitvoering door de Utrechtse Srtudenten Cantorij o.l.v. Fokko Oldenhuis i.s.m. een nog te bepalen strijkkwartet op 19 en 20 juni 2027.<\/p>\n<p>Uitgave: Donemus Rijswijk 2026<br \/>\nTijdsduur: ca 15 min.<br \/>\nzie ook\u00a0<em>toelichting<\/em><\/p>\n<p>_____________________________________________________________________________________________<\/p>\n","protected":false},"excerpt":{"rendered":"<p>12 Europese Liederen en Dansen Dies Irae voor Latijns Amerika Drie Geestelijke Gezangen I shall keep singing De Sjimpansee doet niet mee Un wa e loo Libert\u00e0 va cercando De Sjimpansee doet niet mee Vier\u00a0Nederlandse Volksliederen Gegenstimme Toh\u00e0n Ben\u00e9\u00e9t\u00f2n El doble sue\u00f1o 12 Europese Liederen en Dansen (1980) voor eenstemmig gemengd koor en kamerorkest (2bl-s&#8230; <a href=\"https:\/\/www.dirriwachter.com\/wordpress\/koor-en-ensemble\/\">Read more: Koor en ensemble<\/a><\/p>\n","protected":false},"author":4,"featured_media":0,"parent":0,"menu_order":0,"comment_status":"closed","ping_status":"closed","template":"","meta":{"footnotes":""},"class_list":["post-34","page","type-page","status-publish","hentry"],"_links":{"self":[{"href":"https:\/\/www.dirriwachter.com\/wordpress\/wp-json\/wp\/v2\/pages\/34","targetHints":{"allow":["GET"]}}],"collection":[{"href":"https:\/\/www.dirriwachter.com\/wordpress\/wp-json\/wp\/v2\/pages"}],"about":[{"href":"https:\/\/www.dirriwachter.com\/wordpress\/wp-json\/wp\/v2\/types\/page"}],"author":[{"embeddable":true,"href":"https:\/\/www.dirriwachter.com\/wordpress\/wp-json\/wp\/v2\/users\/4"}],"replies":[{"embeddable":true,"href":"https:\/\/www.dirriwachter.com\/wordpress\/wp-json\/wp\/v2\/comments?post=34"}],"version-history":[{"count":27,"href":"https:\/\/www.dirriwachter.com\/wordpress\/wp-json\/wp\/v2\/pages\/34\/revisions"}],"predecessor-version":[{"id":959,"href":"https:\/\/www.dirriwachter.com\/wordpress\/wp-json\/wp\/v2\/pages\/34\/revisions\/959"}],"wp:attachment":[{"href":"https:\/\/www.dirriwachter.com\/wordpress\/wp-json\/wp\/v2\/media?parent=34"}],"curies":[{"name":"wp","href":"https:\/\/api.w.org\/{rel}","templated":true}]}}