{"id":20,"date":"2016-05-11T18:54:46","date_gmt":"2016-05-11T18:54:46","guid":{"rendered":"https:\/\/www.dirriwachter.com\/wordpress\/?page_id=20"},"modified":"2026-04-20T22:10:52","modified_gmt":"2026-04-20T20:10:52","slug":"toelichting","status":"publish","type":"page","link":"https:\/\/www.dirriwachter.com\/wordpress\/toelichting\/","title":{"rendered":"Toelichtingen"},"content":{"rendered":"<p><a href=\"https:\/\/www.dirriwachter.com\/wordpress\/toelichting\/de-vennen-op-tekst-van-paul-vlemminx\/\"><b>De vennen op tekst van Paul Vlemminx<\/b><\/a>\u00a0 (1960)<b><br \/><a href=\"https:\/\/www.dirriwachter.com\/wordpress\/toelichting\/psalm-97\/\">Psalm 97<\/a><\/b> <b>\u00a0<\/b>(1961)<br \/><a href=\"https:\/\/www.dirriwachter.com\/wordpress\/toelichting\/psalm-127\/\"><b>Psalm 127<\/b><\/a> \u00a0(1962)<br \/><a href=\"https:\/\/www.dirriwachter.com\/wordpress\/toelichting\/kwartet-voor-houtblazers\/\"><b>Kwartet voor <\/b><b>houtblazers<\/b><\/a> \u00a0(1962\/2006)<br \/><a href=\"https:\/\/www.dirriwachter.com\/wordpress\/toelichting\/poeme-et-marche\/\"><b>Po\u00e8me et Marche<\/b><\/a> <b>\u00a0<\/b>(1963\/1966)<br \/><b><a href=\"https:\/\/www.dirriwachter.com\/wordpress\/toelichting\/cry-out-your-joy\/\">Cry out your joy op tekst van Philip Nasta<\/a>\u00a0 <\/b>(1963)<br \/><a href=\"https:\/\/www.dirriwachter.com\/wordpress\/toelichting\/vier-nederlandse-volksliederen\/\"><b>Vier Nederlandse volksliederen<\/b><\/a> <b>\u00a0<\/b>(1965)<br \/><a href=\"https:\/\/www.dirriwachter.com\/wordpress\/toelichting\/twee-kerstliederen\/\"><b>Twee Kerstliederen<\/b><\/a> <b>\u00a0<\/b>(1965\/1967)<br \/><a href=\"https:\/\/www.dirriwachter.com\/wordpress\/toelichting\/drie-geestelijke-gezangen\/\"><b>Drie geestelijke gezangen<\/b><\/a> <b>\u00a0<\/b>(1966\/1983)<br \/><a href=\"https:\/\/www.dirriwachter.com\/wordpress\/toelichting\/todesfuge\/\"><b>Todesfuge op tekst van Paul Celan<\/b><\/a>\u00a0 (1973)<br \/><a href=\"https:\/\/www.dirriwachter.com\/wordpress\/toelichting\/10-etudes-voor-piano\/\"><b>10 Etudes voor piano<\/b><\/a> <b>\u00a0<\/b>(1974)<br \/><a href=\"https:\/\/www.dirriwachter.com\/wordpress\/toelichting\/missa-brevis\/\"><b>Missa brevis<\/b><\/a> <b>\u00a0<\/b>(1975)<br \/><a href=\"https:\/\/www.dirriwachter.com\/wordpress\/promvariaties\/\"><b>Promvariaties<\/b><\/a> \u00a0(1978)<br \/><b><a href=\"https:\/\/www.dirriwachter.com\/wordpress\/dies-irae-voor-latijns-amerika\/\">Dies irae voor Latijns Amerika<\/a>\u00a0 <\/b>(1981)<br \/><b><a href=\"https:\/\/www.dirriwachter.com\/wordpress\/le-tambour-et-lamour\/\">Le Tambour et l&#8217;Amour<\/a> \u00a0<\/b>(1985)<br \/><b><a href=\"https:\/\/www.dirriwachter.com\/wordpress\/griekse-dansen\/\">Drie liederen op teksten van Leo Vroman<\/a>\u00a0 <\/b>(1985)<br \/><a href=\"https:\/\/www.dirriwachter.com\/wordpress\/griekse-dansen\/\"><b>Griekse dansen<\/b><\/a> \u00a0(1986)<br \/><a href=\"https:\/\/www.dirriwachter.com\/wordpress\/passacaglia\/\"><strong>Passacaglia\u00a0 <\/strong><\/a>(1987)<br \/><b><a href=\"https:\/\/www.dirriwachter.com\/wordpress\/i-shall-keep-singing\/\">I shall keep singing! op teksten van Emily Dickinson<\/a>\u00a0 <\/b>(1989)<br \/><a href=\"https:\/\/www.dirriwachter.com\/wordpress\/20-volksliederen-voor-middenstem-en-piano\/\"><b>24 Volksliederen voor middenstem en piano,\u00a0 Band I<\/b><\/a>\u00a0 <b><\/b>(1980-1992)<br \/><a href=\"https:\/\/www.dirriwachter.com\/wordpress\/sonate-voor-twee-gitaren\/\"><b>Sonate voor twee gitaren<\/b><\/a> <b>\u00a0<\/b>(1993)<br \/><a href=\"https:\/\/www.dirriwachter.com\/wordpress\/mixing-memory-and-desire\/\"><b>Mixing memory and desire<\/b><\/a> \u00a0(1994)<br \/><a href=\"https:\/\/www.dirriwachter.com\/wordpress\/24-etudes-voor-altviool\/\"><b>24 Etudes voor altviool<\/b><\/a> <b>\u00a0<\/b>(1996)<br \/><b><a href=\"https:\/\/www.dirriwachter.com\/wordpress\/vier-vlaamse-volksliederen-voor-bariton-en-pianokwartet\/\">Vier Vlaamse volksliederen voor bariton en pianokwartet<\/a> \u00a0<\/b>(1997)<br \/><a href=\"https:\/\/www.dirriwachter.com\/wordpress\/four-movements\/\"><b>Four Movements<\/b><\/a> <b>\u00a0<\/b>(1998)<br \/><b><a href=\"https:\/\/www.dirriwachter.com\/wordpress\/de-sjimpansee-doet-niet-mee\/\">De sjimpansee doet niet mee op teksten van Paul van Ostaijen<\/a>\u00a0 <\/b>(2000\/2009)<br \/><b><a href=\"https:\/\/www.dirriwachter.com\/wordpress\/speel-de-balalaika\/\">Speel de balalaika<\/a> \u00a0<\/b>(1972\/1999\/2018)<br \/><b><a href=\"https:\/\/www.dirriwachter.com\/wordpress\/un-wa-e-loo\/\">Un wa e loo<\/a> \u00a0<\/b>(2001)<br \/><b><a href=\"https:\/\/www.dirriwachter.com\/wordpress\/variaties-over-the-british-grenadiers\/\">Variaties over &#8220;The British Grenadiers&#8221;<\/a> \u00a0 <\/b>(2002)<br \/><b><a href=\"https:\/\/www.dirriwachter.com\/wordpress\/textures-structures\/\">Textures &amp; Structures<\/a> \u00a0 <\/b>(1984-2002)<br \/><a href=\"https:\/\/www.dirriwachter.com\/wordpress\/vier-stucke-fur-klarinette-und-orchester\/\"><b>Vier St\u00fccke f\u00fcr Klarinette und Orchester (Alban Berg)<\/b><\/a>\u00a0 (2003)<br \/><a href=\"https:\/\/www.dirriwachter.com\/wordpress\/blanco\/\"><b>Blanco op tekst van Octavio Paz<\/b><\/a> \u00a0 (2003)<br \/><b><a href=\"https:\/\/www.dirriwachter.com\/wordpress\/eight-european-folksongs-for-mixed-choir-and-orchestra\/\">Eight European folksongs for mixed choir and orchestra<\/a>\u00a0 <\/b>(2004)<br \/><a href=\"https:\/\/www.dirriwachter.com\/wordpress\/three-bulgarian-songs\/\"><b>Three Bulgarian songs<\/b><\/a> \u00a0(2005)<br \/><b><a href=\"https:\/\/www.dirriwachter.com\/wordpress\/a-happy-birthday-with-the-classics\/\">A happy birthday with the classics<\/a>\u00a0 <\/b>(2006)<br \/><b><a href=\"https:\/\/www.dirriwachter.com\/wordpress\/liberta-va-cercando\/\">Libert\u00e0 va cercando op teksten van Dante Alighieri<\/a>\u00a0 <\/b>(2007)<br \/><b><a href=\"https:\/\/www.dirriwachter.com\/wordpress\/twelve-european-dances-for-violin-and-piano\/\">Twelve European dances for violin and piano<\/a>\u00a0 <\/b>(2008)<br \/><b><a href=\"https:\/\/www.dirriwachter.com\/wordpress\/four-spirituals-for-voice-and-guitar\/\">Four Spirituals for voice and guitar<\/a>\u00a0 <\/b>(2008)<br \/><b><a href=\"https:\/\/www.dirriwachter.com\/wordpress\/piano-concerto\/\">Piano Concerto<\/a>\u00a0 <\/b>(2008)<br \/><b><a href=\"https:\/\/www.dirriwachter.com\/wordpress\/royal-ark-music\/\">Royal Ark Music<\/a>\u00a0 <\/b>(2010)<br \/><b><a href=\"https:\/\/www.dirriwachter.com\/wordpress\/4-tangos-brasileiros-van-ernest-nazareth\/\">4 Tangos Brasileiros van Ernest Nazareth<\/a>\u00a0 <\/b>(2010)<br \/><b><a href=\"https:\/\/www.dirriwachter.com\/wordpress\/psalmen-49-en-50-voor-4-stemmig-gemengd-koor\/\">Psalmen 49 en 50 voor 4-stemmig gemengd koor<\/a>\u00a0 <\/b>(2011)<br \/><a href=\"https:\/\/www.dirriwachter.com\/wordpress\/selige-sehnsucht-op-tekst-van-johann-wolfgang-von-goethe\/\"><b>Selige Sehnsucht op tekst van Johann Wolfgang von Goethe<\/b><\/a>\u00a0 (2011)<br \/><b><a href=\"https:\/\/www.dirriwachter.com\/wordpress\/nel-fuggir-del-tempo\/\">Nel fuggir del tempo op teksten van Michelangelo<\/a>\u00a0 <\/b>(2012)<br \/><b><a href=\"https:\/\/www.dirriwachter.com\/wordpress\/24-violin-duos\/\">Folkmusic for Violin Duo<\/a>\u00a0 <\/b>(2013)<br \/><b><a href=\"https:\/\/www.dirriwachter.com\/wordpress\/24-violin-trios\/\">Folkmusic for Violin Trio<\/a>\u00a0 <\/b>(2013)<br \/><b><a href=\"https:\/\/www.dirriwachter.com\/wordpress\/ma-mere-loye-voor-pianotrio\/\">Ma m\u00e8re l&#8217;oye voor pianotrio (Maurice Ravel)<\/a>\u00a0 <\/b>(2013)<br \/><strong><a href=\"https:\/\/www.dirriwachter.com\/wordpress\/4-improvisations-voor-cello-en-piano-francis-poulenc\/\">4 Improvisations voor cello en piano (Francis Poulenc)<\/a>\u00a0 <\/strong>(2013)<br \/><a href=\"https:\/\/www.dirriwachter.com\/wordpress\/peter-en-de-wolf-voor-3-violen-en-altviool\/\"><b>Peter en de Wolf voor 3 violen en altviool<\/b><\/a>\u00a0 (2014)<b><br \/><a href=\"https:\/\/www.dirriwachter.com\/wordpress\/nordlich-der-zukunft\/\">N\u00f6rdlich der Zukunft voor bas en piano op gedichten van Paul Celan<\/a>\u00a0 <\/b>(2014)<br \/><a href=\"https:\/\/www.dirriwachter.com\/wordpress\/six-folksongs-of-love\/\"><b>Six folksongs of love<\/b><\/a> \u00a0(2014)<br \/><a href=\"https:\/\/www.dirriwachter.com\/wordpress\/6-adagios-voor-strijkorkest\/\"><b>6 Adagios voor strijkorkest (Willem Pijper)<\/b><\/a>\u00a0 (2015)<br \/><a href=\"https:\/\/www.dirriwachter.com\/wordpress\/suite-breve-voor-fanfare-orkest\/\"><b>Suite br\u00eave voor fanfare orkest <\/b><\/a>\u00a0 (2015)<br \/><a href=\"https:\/\/www.dirriwachter.com\/wordpress\/chants-du-benin-2\/\"><b>Chants du B\u00e9nin\u00a0\u00a0<\/b><\/a>(2016)<br \/><a href=\"https:\/\/www.dirriwachter.com\/wordpress\/four-alternative-madrigals\/\"><strong>Four alternative madrigals\u00a0 <\/strong><\/a>(2016)<br \/><a href=\"https:\/\/www.dirriwachter.com\/wordpress\/suite-africaine\/\"><strong>Suite Africaine\u00a0\u00a0<\/strong><\/a>(2016)<br \/><a href=\"https:\/\/www.dirriwachter.com\/wordpress\/6-tangos\/\"><strong>6 Tango&#8217;s\u00a0 <\/strong><\/a>(2016)<br \/><a href=\"https:\/\/www.dirriwachter.com\/wordpress\/rapsodie-espagnole\/\"><strong>Rapsodie Espagnole van Maurice Ravel\u00a0 <\/strong><\/a>(2017)<br \/><strong><a href=\"https:\/\/www.dirriwachter.com\/wordpress\/four-spirituals\">Four Spirituals<\/a>\u00a0 <\/strong>(2018)<br \/><strong><a href=\"https:\/\/www.dirriwachter.com\/wordpress\/gegenstimme-op-teksten-van-paul-celan\/\">Gegenstimme op teksten van Paul Celan<\/a>\u00a0 <\/strong>(2018)<br \/><a href=\"https:\/\/www.dirriwachter.com\/wordpress\/op-reis\/\"><strong>Op reis <\/strong><\/a>\u00a0(2018)<br \/><a href=\"https:\/\/www.dirriwachter.com\/wordpress\/mark-master-music\/\"><strong>Mark Master Music<\/strong><\/a>\u00a0 (2018)<br \/><a href=\"https:\/\/www.dirriwachter.com\/wordpress\/ithaka-op-tekst-van-k-p-kavafis\/\"><strong>Ithaka op tekst van K.P. Kavafis\u00a0 <\/strong><\/a>(2019)<br \/><a href=\"https:\/\/www.dirriwachter.com\/wordpress\/de-sjimpansee-doet-niet-mee-op-gedichten-van-paul-van-ostaijen\/\"><strong>De sjimpansee doet niet mee op gedichten van Paul van Ostaijen\u00a0 <\/strong><\/a>(2019)<br \/><strong><a href=\"https:\/\/www.dirriwachter.com\/wordpress\/klarinetconcert-van-mozart-kv-622\/\">Klarinetconcert KV 622 van Mozart\u00a0 <\/a><\/strong>(2019)<br \/><strong><a href=\"https:\/\/www.dirriwachter.com\/wordpress\/strijkkwintet-in-g-van-mozart-kv-516\/\">Strijkkwintet in g KV 516 van Mozart<\/a><\/strong>\u00a0 (2019)<br \/><a href=\"https:\/\/www.dirriwachter.com\/wordpress\/arte-poetica-op-tekst-van-jorge-luis-borges\/\"><strong>Arte po\u00e9tica op tekst van Jorge Luis Borges<\/strong><\/a>\u00a0 (2019)<br \/><a href=\"https:\/\/www.dirriwachter.com\/wordpress\/vysokiy-dub\/\"><strong>Vysokiy dub<\/strong><\/a><span style=\"color: #000000;\">\u00a0 (2020)<br \/><strong><a href=\"https:\/\/www.dirriwachter.com\/wordpress\/tohan-beneeton\/\">Toh\u00e0n Ben\u00e9\u00e9t\u00f2n<\/a><\/strong>\u00a0 (2020)<br \/><strong><a href=\"https:\/\/www.dirriwachter.com\/wordpress\/24-volksliederen-voor-middenstem-en-piano-band-ii\/\">24 Volksliederen voor middenstem en piano, Band II \u00a0<\/a><\/strong>(2020)<br \/><strong><a href=\"https:\/\/www.dirriwachter.com\/wordpress\/symfonie-iv-op-98-van-brahms-2021\/\">Symfonie IV, Op. 98 van Brahms<\/a><\/strong>\u00a0 (2021)<br \/><a href=\"\/wordpress\/le-roi-et-le-tambour\/\"><strong>Le roi et le tambour <\/strong><\/a>(2022)<br \/><a href=\"\/wordpress\/west-african-suite\/\"><strong>West African suite <\/strong><\/a>(2022)<br \/><a href=\"\/wordpress\/prelude-fuga-en-fantasie\/\"><strong>Prelude, Fuga en Fantasie <\/strong><\/a>(2023)<br \/><a href=\"https:\/\/www.dirriwachter.com\/wordpress\/nordlich-der-zukunft-voor-bas-en-symfonie-orkest\/\"><strong>N\u00f6rdlich der Zukunft voor bas en symfonie-orkest<\/strong><\/a> (2024)<br \/><a href=\"https:\/\/www.dirriwachter.com\/wordpress\/heer-halewijn\/\"><strong>Heer Halewijn <\/strong><\/a>(2025)<br \/><a href=\"https:\/\/www.dirriwachter.com\/wordpress\/als-daar-muziek-voor-is-acht-gedichten-van-vasalis\/\"><strong>Als daar muziek voor is&#8230;<\/strong>\u00a0<strong> acht gedichten van Vasalis<\/strong><\/a> (2025)<br \/><strong><a href=\"https:\/\/www.dirriwachter.com\/wordpress\/vier-goethe-lieder\/\">Vier Goethe-Lieder<\/a>\u00a0<\/strong>(2025)<br \/><a href=\"https:\/\/www.dirriwachter.com\/wordpress\/el-doble-sueno-op-gedichten-van-jorge-luis-borges\/\"><strong>El doble sue\u00f1o op gedichten van Jorge Luis Borges <\/strong><\/a>(2026)<\/span><\/p>\n\n\n<p><\/p>\n","protected":false},"excerpt":{"rendered":"<p>De vennen op tekst van Paul Vlemminx\u00a0 (1960)Psalm 97 \u00a0(1961)Psalm 127 \u00a0(1962)Kwartet voor houtblazers \u00a0(1962\/2006)Po\u00e8me et Marche \u00a0(1963\/1966)Cry out your joy op tekst van Philip Nasta\u00a0 (1963)Vier Nederlandse volksliederen \u00a0(1965)Twee Kerstliederen \u00a0(1965\/1967)Drie geestelijke gezangen \u00a0(1966\/1983)Todesfuge op tekst van Paul Celan\u00a0 (1973)10 Etudes voor piano \u00a0(1974)Missa brevis \u00a0(1975)Promvariaties \u00a0(1978)Dies irae voor Latijns Amerika\u00a0 (1981)Le Tambour et&#8230; <a href=\"https:\/\/www.dirriwachter.com\/wordpress\/toelichting\/\">Read more: Toelichtingen<\/a><\/p>\n","protected":false},"author":4,"featured_media":0,"parent":0,"menu_order":0,"comment_status":"closed","ping_status":"closed","template":"","meta":{"footnotes":""},"class_list":["post-20","page","type-page","status-publish","hentry"],"_links":{"self":[{"href":"https:\/\/www.dirriwachter.com\/wordpress\/wp-json\/wp\/v2\/pages\/20","targetHints":{"allow":["GET"]}}],"collection":[{"href":"https:\/\/www.dirriwachter.com\/wordpress\/wp-json\/wp\/v2\/pages"}],"about":[{"href":"https:\/\/www.dirriwachter.com\/wordpress\/wp-json\/wp\/v2\/types\/page"}],"author":[{"embeddable":true,"href":"https:\/\/www.dirriwachter.com\/wordpress\/wp-json\/wp\/v2\/users\/4"}],"replies":[{"embeddable":true,"href":"https:\/\/www.dirriwachter.com\/wordpress\/wp-json\/wp\/v2\/comments?post=20"}],"version-history":[{"count":69,"href":"https:\/\/www.dirriwachter.com\/wordpress\/wp-json\/wp\/v2\/pages\/20\/revisions"}],"predecessor-version":[{"id":967,"href":"https:\/\/www.dirriwachter.com\/wordpress\/wp-json\/wp\/v2\/pages\/20\/revisions\/967"}],"wp:attachment":[{"href":"https:\/\/www.dirriwachter.com\/wordpress\/wp-json\/wp\/v2\/media?parent=20"}],"curies":[{"name":"wp","href":"https:\/\/api.w.org\/{rel}","templated":true}]}}